3313
-111000100 (base 2) to base 13
-28a
What is -69c (base 14) in base 16?
-522
Convert 1201 (base 10) to base 15.
551
Convert 10d (base 14) to base 8.
321
What is -974 (base 10) in base 5?
-12344
2341031 (base 5) to base 4
22210002
What is 27b (base 12) in base 5?
3013
What is 1130301 (base 4) in base 15?
1b5c
-14941 (base 12) to base 5
-1411433
What is 1121211022 (base 3) in base 7?
162101
Convert 13e (base 15) to base 14.
164
What is 11a (base 14) in base 4?
3130
What is 433 (base 6) in base 11?
140
Convert -10045 (base 6) to base 12.
-925
What is -3300 (base 6) in base 15?
-356
Convert -8d75 (base 16) to base 8.
-106565
Convert -232 (base 4) to base 11.
-42
dda (base 14) to base 6
20404
Convert -2305 (base 6) to base 4.
-20201
-1273 (base 9) to base 14
-4c5
1140 (base 7) to base 6
1540
Convert -5430 (base 14) to base 6.
-151202
What is 101101222 (base 3) in base 2?
1110110100010
Convert -47143 (base 8) to base 14.
-7455
1100011001111110 (base 2) to base 9
76630
Convert 1105 (base 6) to base 13.
16a
What is 17b (base 12) in base 11?
1a8
1268 (base 11) to base 5
23042
What is -123004 (base 6) in base 7?
-44062
Convert 10001000 (base 2) to base 16.
88
What is -29911 (base 12) in base 7?
-332032
Convert 210021 (base 3) to base 10.
574
Convert 2f9b (base 16) to base 12.
7077
Convert -221211 (base 4) to base 9.
-3576
-2399 (base 10) to base 16
-95f
-2bd (base 14) to base 6
-2331
What is -396 (base 11) in base 7?
-1236
-4613 (base 14) to base 7
-50323
Convert -2002 (base 3) to base 6.
-132
2942 (base 10) to base 2
101101111110
-401 (base 10) to base 7
-1112
What is -2ed5 (base 15) in base 5?
-310400
What is 11451 (base 7) in base 11?
2266
-41242 (base 6) to base 4
-1111322
-c059 (base 16) to base 4
-30001121
What is 8730 (base 9) in base 4?
1210122
-faee (base 16) to base 14
-195a6
What is 100000010110101 (base 2) in base 12?
9705
What is 637 (base 10) in base 3?
212121
Convert -2742 (base 11) to base 13.
-1806
What is -505 (base 11) in base 12?
-42a
-50 (base 6) to base 7
-42
What is 531 (base 13) in base 2?
1101110101
Convert 6330 (base 10) to base 9.
8613
What is 100010112 (base 3) in base 5?
203111
What is -c1b (base 14) in base 6?
-15001
What is -394 (base 13) in base 16?
-274
What is -1003 (base 9) in base 16?
-2dc
What is -59d8 (base 16) in base 12?
-11388
-2868 (base 12) to base 9
-6378
What is -17573 (base 9) in base 3?
-121122110
25003 (base 6) to base 15
1150
-120200 (base 5) to base 9
-6056
Convert -1001 (base 9) to base 8.
-1332
Convert -232 (base 15) to base 3.
-200102
What is -10221212 (base 4) in base 11?
-13345
What is -20211 (base 5) in base 10?
-1306
778 (base 12) to base 9
1452
-11a (base 13) to base 14
-da
What is -68b0 (base 12) in base 4?
-2312010
4bf (base 16) to base 7
3354
Convert 4ca (base 16) to base 15.
56b
What is -409 (base 16) in base 15?
-48d
11121 (base 4) to base 10
345
Convert -618 (base 10) to base 2.
-1001101010
-14a4a (base 11) to base 13
-9880
-11011 (base 2) to base 11
-25
What is 111102 (base 3) in base 13?
21b
10210011 (base 3) to base 7
11020
What is -2aa4 (base 11) in base 2?
-111110010010
-121020210 (base 3) to base 10
-11847
92a (base 15) to base 9
2744
What is 1044 (base 6) in base 2?
11110100
27298 (base 11) to base 12
1a658
Convert -3b22 (base 15) to base 7.
-51554
Convert -110011110 (base 2) to base 7.
-1131
What is 13451 (base 7) in base 12?
2152
-5393 (base 14) to base 6
-150501
What is 4001 (base 5) in base 13?
2c7
Convert 1be (base 16) to base 3.
121112
-11845 (base 9) to base 13
-382a
Convert 688 (base 13) to base 4.
101212
10010101010 (base 2) to base 4
102222
What is 121012 (base 3) in base 14?
233
21940 (base 11) to base 2
111110000000010
What is 210200 (base 3) in base 11?
492
Convert -3291 (base 12) to base 16.
-15cd
Convert 101011010111100 (base 2) to base 12.
10a24
Convert 1020 (base 4) to base 3.
2200
761 (base 9) to base 16
26e
-11002031 (base 4) to base 11
-14547
-114 (base 9) to base 15
-64
Convert 14174 (base 9) to base 16.
2599
What is 8006 (base 14) in base 16?
55c6
-46584 (base 9) to base 16
-797b
-11100101001100 (base 2) to base 14
-54ba
Convert 2142 (base 5) to base 10.
297
117 (base 8) to base 4
1033
What is -6065 (base 8) in base 3?
-11021202
What is 2211102 (base 3) in base 8?
4017
4021 (base 7) to base 11
1051
Convert a26 (base 14) to base 6.
13122
What is -1acb (base 13) in base 7?
-14551
Convert 112201 (base 8) to base 2.
1001010010000001
What is -30 (base 16) in base 9?
-53
-30 (base 10) to base 4
-132
Convert 120 (base 3) to base 9.
16
Convert 2125 (base 15) to base 16.
1b62
Convert -121200 (base 3) to base 14.
-242
What is -3a1 (base 15) in base 8?
-1472
-10166 (base 8) to base 3
-12210002
Convert -212443 (base 5) to base 2.
-1110001010000
What is 132 (base 6) in base 5?
211
Convert 1e8 (base 16) to base 12.
348
Convert -37141 (base 8) to base 12.
-92a9
What is 4263 (base 8) in base 15?
9d7
36e (base 15) to base 11
649
What is -1000010110 (base 2) in base 15?
-259
25aa8 (base 11) to base 4
21012101
Convert -1113423 (base 5) to base 6.
-231543
Convert 10011010100010 (base 2) to base 3.
111120022
What is -10001121 (base 3) in base 13?
-1027
Convert 224 (base 14) to base 12.
2b4
What is -43616 (base 7) in base 3?
-120000012
-1fe (base 16) to base 11
-424
Convert -33114 (base 7) to base 13.
-3a0b
-2494 (base 13) to base 3
-21010021
Convert -8689 (base 13) to base 16.
-490f
What is -134544 (base 7) in base 3?
-1022012100
Convert 6652 (base 8) to base 16.
daa
What is -6500 (base 8) in base 15?
-1012
Convert -110000101000010 (base 2) to base 12.
-124aa
Convert 12471 (base 9) to base 3.
102112101
Convert -356 (base 12) to base 4.
-13302
11220220 (base 3) to base 7
13314
Convert -51752 (base 9) to base 16.
-8564
3041 (base 9) to base 13
1021
Convert -1102202 (base 3) to base 14.
-54a
Convert -270 (base 13) to base 7.
-1152
What is -23 (base 8) in base 16?
-13
5a3 (base 14) to base 11
931
What is -623 (base 15) in base 4?
-111213
Convert -1240143 (base 5) to base 11.
-17393
Convert -778 (base 11) to base 9.
-1245
Convert -53 (base 12) to base 6.
-143
Convert 13 (base 7) to base 15.
a
Convert 15a9 (base 12) to base 3.
10112110
What is 101001100100 (base 2) in base 16?
a64
Convert -1e00 (base 15) to base 4.
-1211331
Convert -b71 (base 14) to base 13.
-1046
-123203 (base 5) to base 8
-11303
What is -2112101 (base 3) in base 11?
-1429
-33210110 (base 4) to base 12
-30a98
Convert -3505 (base 6) to base 3.
-1010212
124a (base 12) to base 5
31244
What is 42123 (base 5) in base 14?
1032
15552 (base 6) to base 12
15b8
What is 32a3 (base 11) in base 6?
32044
256 (base 16) to base 15
29d
What is 6221 (base 8) in base 14?
125b
Convert 30023 (base 5) to base 8.
3540
Convert -242110 (base 5) to base 16.
-2346
-bdb0 (base 16) to base 14
-139a8
What is 5361 (base 11) in base 10?
7085
-78 (base 14) to base 4
-1222
4c7 (base 13) to base 10
839
What is 1217 (base 8) in base 6?
3011
Convert -45442 (base 10) to base 7.
-246325
Convert 1517 (base 14) to base 4.
322201
Convert -363c (base 15) to base 4.
-2310030
-35aa (base 12) to base 5
-143114
-ba19 (base 12) to base 10
-20469
-362a (base 15) to base 12
-67b7
Convert 1194 (base 15) to base 16.
e9b
110202 (base 4) to base 10
1314
106624 (base 7) to base 11
13454
What is 10021022101 (base 3) in base 11?
44406
3c94 (base 16) to base 7
63133
What is -703 (base 8) in base 4?
-13003
e131 (base 15) to base 11
32781
Convert -12b24 (base 12) to base 11.
-18429
-8222 (base 9) to base 10
-6014
Convert -450 (base 12) to base 13.
-39c
-617 (base 15) to base 3
-1212211
Convert 2387 (base 12) to base 10.
3991
What is 419b (base 13) in base 12?
5311
What is -6ad (base 14) in base 4?
-110301
What is 1000201100 (base 3) in base 6?
233313
Convert -110001100110 (base 2) to base 8.
-6146
3372 (base 8) to base 3
2110011
What is -10022120 (base 3) in base 6?
-15110
507 (base 14) to base 11
818
What is -76d3 (base 14) in base 6?
-235121
-1a (base 11) to base 13
-18
What is 532a (base 11) in base 12?
40b6
What is 688 (base 9) in base 3?
202222
Convert -1502 (base 7) to base 3.
-210212
-1022101 (base 3) to base 14
-4c3
-482 (base 12) to base 4
-22202
1044 (base 6) to base 4
3310
What is 6414 (base 10) in base 14?
24a2
What is 41042 (base 7) in base 9?
14615
What is 